t p be (-8)/(-2 + 1) + -3. Suppose -5*k = t + 25, -t - k = -0*k + p. Suppose t = -3*x - 2*x + 2*j + 6, -3*x + 5*j = 4. What is the units digit of x?
2
What is the hundreds digit of (-2108)/(-3) + (0 - (-8)/24)?
7
Let u = -8 - -16. Suppose -15*a - 10 = -20*a. Suppose a*j - u = j. What is the units digit of j?
8
What is the tens digit of 2*(-2)/((-4)/1263*3)?
2
Suppose 68*l - 5850 = 63*l. What is the units digit of l?
0
Let u(y) = 3*y**2 - y + 179. Let w be u(0). Suppose -c - w = -2*v + v, 5*v + 4*c = 940. What is the tens digit of v?
8
Let c = 695 + -693. What is the units digit of c?
2
Let j(k) = -k**2 + 6*k + 4. Let n be -6*(6 - (0 - -3)). Let f = n - -23. What is the units digit of j(f)?
9
Let t(o) = 2*o**3 - 6*o**2 + 6*o - 4. Let f(g) = -g**2 + g - 1. Let m(y) = -3*f(y) + t(y). Let n be m(2). Let i = 29 - n. What is the tens digit of i?
2
Let n = 574 - -1995. What is the tens digit of n?
6
Suppose l = 2*p - 6, -l + 4*l - 5*p = -15. What is the units digit of l + -4 + 726/11?
2
Let m be 12/(-1)*6/(-18). Let j be -9 + 2 + m - 3. What is the tens digit of j/9*6 + 27?
2
Suppose 849*n = 856*n - 1148. What is the units digit of n?
4
Suppose 0*g = g - 3. Suppose -2*f + 5*f - 2*m = 437, -2*f + 293 = -g*m. What is the hundreds digit of f?
1
Suppose -3*z + 2*f = -1268, 4*f = -z + 7*f + 411. What is the units digit of z?
6
Let u(j) = -j**3 - 11*j**2 - 10*j + 4. Let a be u(-10). Suppose 0 = n - 0 - a. Suppose -73 = n*r - 261. What is the units digit of r?
7
Suppose -5*a = -15, -7*a = -2*s - 9*a + 272. Suppose x - s = -3*m, 145 = -2*x + 3*x - 3*m. What is the hundreds digit of x?
1
Let l(b) = -5*b**2 - 10*b - 17. Let y(h) = -2*h**2 - 5*h - 8. Let a(u) = -3*l(u) + 7*y(u). Let f = -10 + 19. What is the units digit of a(f)?
1
Suppose -2*c = -2*a + 1276, 6*c - 2537 = -4*a + 5*c. What is the units digit of a?
5
Let t be ((-10)/4)/(1/(-2)). Suppose 0 = 3*u - t - 7. Suppose 2*y = -f - u*f + 33, 33 = 4*y - f. What is the units digit of y?
9
Let d(q) = q**2 + 11*q + 37. What is the tens digit of d(-13)?
6
Suppose -4*r + 21 = -15. Let i be ((-45)/r)/(-1*1). Suppose -53 - 7 = -i*s + a, 4*s - 19 = -5*a. What is the tens digit of s?
1
Suppose 0 = 5*f - 4*f - 2, -4*f = -r + 59. What is the tens digit of r?
6
Let m = -36 + 39. Suppose -171 + 33 = -m*w. What is the tens digit of w?
4
What is the tens digit of (-15)/9 - 19/(399/(-29246))?
9
Suppose -5*b + 12 - 37 = 0, -6 = m + 2*b. Suppose -m*x + 16 - 4 = 0. What is the units digit of x?
3
Let p(d) = -d**3 + 7*d**2 + 1. Let r be p(6). Suppose 124 = 4*j - 4*i, j + 5*i + 0*i = r. What is the units digit of j?
2
Let l = 3 - -3. Let x be ((-15)/2)/(l/(-56)). Suppose -2*q - x = -7*q. What is the units digit of q?
4
Let o(r) = -4*r**3 + 3*r**2 - 2*r. Let m be o(2). Let s = -44 - m. Let f = s - -46. What is the units digit of f?
6
Let a(w) = -2*w**3 + 3*w**2 - 4*w - 3. Let m be a(-3). Suppose -y + m = y. What is the units digit of y?
5
Let m = 1538 + -1028. What is the tens digit of m?
1
Suppose 11*c + 80 = c. Let a = c - -99. What is the tens digit of a?
9
Let g(v) = 15*v + 4. Suppose -4*t + 4 = -32. What is the hundreds digit of g(t)?
1
Suppose -3*g = 3*v + 177, -3*g - g + 49 = -v. Let q = -36 - v. What is the units digit of q?
1
Suppose 0 = 6*b - 4968 - 558. What is the units digit of b?
1
Let v(k) = -11*k + 36*k - 8*k. What is the units digit of v(5)?
5
Let l = 61 + -69. Let p(c) = -c**2 - 16*c + 7. What is the tens digit of p(l)?
7
Suppose 125 = -4*v + 3*d - 151, 0 = -d - 4. Suppose z = -h - 33, 3*z - 4*h = -114 - 13. Let w = z - v. What is the tens digit of w?
3
Suppose -26 = -h + 2*h. Let t = -23 - h. Suppose 3*c - 6 = t. What is the units digit of c?
3
Let n be 2*(-3)/6*-1. Suppose -64 + n = 3*p. What is the units digit of -19*3*14/p?
8
Let k(m) = -94*m - 5. Let y be k(-2). Suppose 6*j = -b + j + 47, 5*b - j = y. What is the units digit of b?
7
What is the hundreds digit of -2 + 1 + 4 + 263?
2
Let x = -3 - 22. Let o = x - -38. What is the tens digit of o?
1
Let l = -31 + 27. Suppose -125 = -5*q + 20. Let w = q + l. What is the units digit of w?
5
Let v(q) = -q**3 + 8*q**2 - 5*q + 8. Let o = -31 + 36. What is the units digit of v(o)?
8
Let n = 7 + -5. Let p(u) = -20*u**3 + n*u - u**2 + u + 2*u**2 - 2*u. What is the tens digit of p(-1)?
2
Suppose t = 2*g - 1, -4*t = -3*g + 6 - 2. Suppose -13*c + 8*c + 320 = g. What is the tens digit of c?
6
Let i(v) = -v**2 + v - 1. Let f(g) = -5*g**2 + 15*g + 10. Let j(u) = -f(u) + 4*i(u). Let x be j(14). What is the tens digit of 2036/x + (-4)/(-14)?
7
Suppose 0 = 21*g - 22*g + 88. Let r = 128 - g. What is the tens digit of r?
4
Let q(f) = 2*f**3 - 6*f**2 + 45*f - 151. What is the tens digit of q(6)?
3
Let i(k) be the first derivative of -k**5/120 + 17*k**4/24 - 4*k**3 - 8. Let n(v) be the third derivative of i(v). What is the tens digit of n(-8)?
2
Let u = 1215 - -802. What is the thousands digit of u?
2
Let h be 202/18 + 8/(-36). Suppose 1 = 4*v - 19. Suppose y + b = 15, -h - 34 = -y + v*b. What is the tens digit of y?
2
Suppose 0 = f - 3 - 3. Let m = 50 - f. What is the tens digit of m?
4
Let a(i) = 127*i - 33. What is the tens digit of a(2)?
2
Suppose -2*o - 13 = 3. Let w = 50 + -41. Let j = w + o. What is the units digit of j?
1
Let c(f) = 23 - f**2 - 1 - f**3 + 30 - 36*f + 35*f. Let z = -8 + 8. What is the units digit of c(z)?
2
Suppose -11336 = -21*t - 3230. What is the units digit of t?
6
Suppose 2510 + 8951 = 3*w + 2*i, 4*i = 4*w - 15308. What is the thousands digit of w?
3
Let r be 4 + 0 - (-8 - -6). Suppose n = r*n - 150. What is the tens digit of n?
3
What is the hundreds digit of (-77472)/(-176) + (-2)/11?
4
Let z = 39 + -30. What is the tens digit of 188/10 - z/(-45)?
1
Suppose 322*k - 326*k + 12704 = 0. What is the units digit of k?
6
Suppose -2*v = m - 2095, 2*m + 0*m + 3125 = 3*v. What is the hundreds digit of v?
0
Let l(g) = -2*g**2 + 37*g - 7. Let c(v) = v**2 - 37*v + 7. Let u(p) = -3*c(p) - 4*l(p). What is the units digit of u(9)?
9
Let l(b) = -b**3 - 11*b**2 + 19*b + 10. What is the tens digit of l(-15)?
2
Let n(z) = z**2 + z - 20. Let d be n(12). Suppose -2*v - d = -4*v. What is the tens digit of v?
6
Let c = -283 + 308. Let u = 74 + -29. Let n = u - c. What is the units digit of n?
0
Let q = -551 + 2046. What is the units digit of q?
5
Suppose 0 = 218*t - 207*t - 17435. What is the tens digit of t?
8
Let d = 861 + -499. What is the units digit of d?
2
Let t = 2688 + -1768. What is the hundreds digit of t?
9
Suppose -6*z = 9499 - 139. What is the tens digit of 8/36 - z/27?
5
Suppose -5*r = -554 - 636. Suppose 4*x - 2 = r. What is the units digit of x?
0
Let z be -9*(-10)/15 - 2. Suppose -4*c = z*w - 340, -4*c - w + 134 = -203. What is the units digit of c?
4
Suppose d + 5 = 0, 0*b = -2*b - d + 161. What is the tens digit of b?
8
Suppose 0 = 5*z - 5*p - 25, 3*z + 0*z - p = 15. Suppose 1242 = z*c + 4*c. What is the units digit of c?
8
What is the units digit of 6 - (-2 - -16) - -854?
6
Suppose -141*n = -139*n - 1412. What is the tens digit of n?
0
Suppose -2*s = -m + 2014, -4*m + 3*s + 5012 + 3029 = 0. What is the hundreds digit of m?
0
Suppose -12*k + 119 = -49. Let i be (-1)/(1*1/(-7)). Let w = k + i. What is the units digit of w?
1
Let d = 18 - 19. Suppose -5*q + 3 = 2*y - 14, -4*y = 3*q + 1. What is the tens digit of (-8)/y + d - -14?
1
Let n(p) = p**2 - 11*p + 2. Let r be n(11). Let g be (4 - 1) + -1 + r. Suppose 3*j + k - 52 = -g*k, 0 = -4*j - 4*k + 64. What is the units digit of j?
4
Suppose -4*a - 3*p = -71 + 17, -5*p = -10. Let g = 43 - a. What is the tens digit of g?
3
Let q(t) = -t**2 - 10*t - 8. Let y be q(-4). Suppose w - 20 = -y. Suppose -3*k + w*g = -7*k + 136, 20 = 4*g. What is the tens digit of k?
2
Let v(w) = 138*w + 35. What is the units digit of v(3)?
9
Let d(y) = 136*y + 509. What is the thousands digit of d(7)?
1
Let l be 192/60 + (-4)/(-5). Let y = -38 + 54. What is the tens digit of y/(-10)*(-24 + l)?
3
Suppose -2*k - 3*k = -5*j - 90, -4*k - 2*j = -42. Suppose -k = -4*d + 31. What is the tens digit of d?
1
Let n be (1209/(-4))/(27/(-144)*2). Suppose 0 = -4*h - 2*j + n, j + 412 = 2*h - j. What is the hundreds digit of h?
2
Suppose 4*o = 40*j - 38*j - 1902, 0 = 5*j - o - 4791. What is the units digit of j?
9
Let f = -1291 - -1807. Let m = 